 when 28 is divided by i.
8
Let t = -1 - -3. Suppose -y = -t + 3. Calculate the remainder when 16 is divided by (-7 - y)*-2 + -3.
7
Let u = 13 - 7. Calculate the remainder when 22 is divided by u.
4
Suppose -2*s + 53 = -57. Let d(x) = -x**2 - x + 19. Suppose -3*r + 1 = -b, -5*r + 5*b + 3 + 2 = 0. Calculate the remainder when s is divided by d(r).
17
Let j = 27 + -11. What is the remainder when 45 is divided by j?
13
Suppose -2*g = -h - 35 + 8, -4*h = 2*g - 2. Suppose -6 = -2*o + 4*j + 16, g = o + 5*j. Calculate the remainder when 43 is divided by o.
10
Let v be (-2 - -2) + (1 - -2). Suppose -48 = -v*d + 6. Suppose 2*c - 4*c = -d. What is the remainder when 17 is divided by c?
8
Suppose 0 = -0*u + 3*u - 3*w, 0 = u + 4*w + 5. Suppose 268 - 228 = 4*b. Calculate the remainder when -5*28*u/5 is divided by b.
8
Let i = 19 + -35. Let q = 43 + i. Calculate the remainder when q is divided by 10.
7
Let u be -1 - -8 - (-1 - -3). Suppose -3*l = -3*p - 0*p - 21, 0 = 5*p - u. Let h = 11 - -4. What is the remainder when h is divided by l?
7
Let f(r) = r**3 + 12*r**2 + 6*r - 12. What is the remainder when f(-11) is divided by 15?
13
Suppose 3*x + 9 = -6, -4*d = -3*x - 135. What is the remainder when 117 is divided by d?
27
Let j(i) = i**3 - i**2 - 6*i - 6. Let a be j(5). Suppose 5*f - a = f. What is the remainder when 46 is divided by f?
14
Let n = -44 - -73. What is the remainder when n is divided by 6?
5
Let v = -16 + 18. Suppose 16 = v*a + 3*i, -a - a + 32 = -5*i. What is the remainder when 32 is divided by a?
10
Suppose 0 = g - 3. Let f(k) = k - 17. Let s be f(15). Let d = g + s. What is the remainder when 2 is divided by d?
0
Let x(t) = -t**3 + 3*t**2 + 3*t + 3. Calculate the remainder when 22 is divided by x(3).
10
Let f(l) be the third derivative of -l**6/10 - l**5/60 - l**4/12 - l**3/6 - 2*l**2. What is the remainder when 33 is divided by f(-1)?
9
What is the remainder when (5 + (-9)/3)*40 is divided by 42?
38
Let p(t) = -5*t**2 + 71*t + 14. Let d(x) = x**2 - 14*x - 3. Let j(q) = -11*d(q) - 2*p(q). What is the remainder when 16 is divided by j(12)?
1
Let w(l) = l**3 + 14*l**2 - 20*l - 31. Calculate the remainder when 123 is divided by w(-15).
35
Suppose 44 = -3*q + 62. Calculate the remainder when 21 is divided by q.
3
Suppose 4*o + 54 = 6*o. Let f = -18 + o. What is the remainder when 26 is divided by f?
8
Let v(p) = -p**2 - 6*p + 21. Suppose -3*i + 7*i = 32. What is the remainder when v(-7) is divided by i?
6
Let r(k) = k**3 + 4*k**2 - 6*k - 3. Let g = -15 - -10. Let n be r(g). Suppose 4*z = 6*z - n, -27 = -2*l + z. Calculate the remainder when 41 is divided by l.
13
Suppose 11 = a - 91. Calculate the remainder when a is divided by 53.
49
Let q(k) be the first derivative of 7*k - 1/3*k**3 + 2 - 5/2*k**2. What is the remainder when 12 is divided by q(-5)?
5
Let t(p) = 2*p**2 + 4*p - 29. Calculate the remainder when 149 is divided by t(-6).
16
Suppose -5*q + 5*a + 60 = 0, 5*q = -2*a - 27 + 115. What is the remainder when 31 is divided by q?
15
Suppose 2*i - 3 = -i. What is the remainder when (-81)/(-2) - (-6)/(-4) is divided by 1 - (i - 20/1)?
19
Let b = -24 + 46. Suppose 76 = 5*h - 4*f, -h + 4*f + 4 = -2*h. What is the remainder when b is divided by h?
10
Suppose -8*p + 9*p - 226 = -5*d, 0 = -2*d - p + 91. Calculate the remainder when d is divided by 25.
20
Let h(a) = 27 - 3*a + 4*a**2 + 3*a**2 - 24. Let p be h(-3). Suppose -3*y - 21 + p = 0. What is the remainder when y is divided by 7?
4
Let k(l) = l**3 + 9*l**2 - 9*l + 12. Let n be k(-10). Suppose 4*x - 28 = -3*j + n*x, 4*x - 14 = j. Calculate the remainder when 10 is divided by j.
4
Suppose 4*o - 7 = 5*x, -2*o - 4*x = 21 - 5. Let n(v) = -4*v + 3. What is the remainder when n(-4) is divided by (1 - -11) + (o - 0)?
9
Let d(z) = z**2 + 2*z + 9. What is the remainder when d(0) is divided by 5?
4
Let y be -1 - 1 - (-1 + -88). Let s = -80 + 136. Let k = y - s. What is the remainder when k is divided by 11?
9
Let v be (24/20)/((-6)/(-15)). Suppose -v*u = -1 - 23. Calculate the remainder when 13 is divided by u.
5
Let h(w) = 2*w**2 - 2*w - 1. Calculate the remainder when 12 is divided by h(-1).
0
Suppose 0 = 4*p - 7 - 25. Let f = -20 - -35. What is the remainder when f is divided by p?
7
Let q = 1 + 3. Suppose 17 = r + 3*g, -4*g = -2*r + q*r - 36. Calculate the remainder when r is divided by 11.
9
Suppose 4*w + m = -4*m + 12, -5*w + 4*m = -56. Calculate the remainder when 31 is divided by w.
7
Let c(n) = 36*n**2 - n - 1. Calculate the remainder when 99 is divided by c(1).
31
Let m = -529 - -333. Suppose -6*q + 135 = -q. Calculate the remainder when q is divided by (m/(-21))/(2/3).
13
Let f(c) = -11*c - 1. Let b(j) = -32*j - 4. Let g(r) = 6*b(r) - 17*f(r). What is the remainder when g(-5) is divided by 4?
2
Let j = 52 - 37. Let z be 2064/22 + 4/22. Let g = -51 + z. Calculate the remainder when g is divided by j.
13
What is the remainder when ((-1)/(-2))/(2/216) is divided by 28?
26
Let p be -2*(-18)/4 - -1. Let l = -4 + p. Suppose -l*d = -d - 10. Calculate the remainder when d is divided by 2.
0
Let i = 64 + -40. What is the remainder when 68 is divided by i?
20
Let j(n) = -n**2 + 7*n - 9. What is the remainder when 2 is divided by j(5)?
0
Let i = -41 - -80. Let h = 18 + -8. What is the remainder when i is divided by h?
9
Suppose -q - 5*f + 59 = 0, 219 = 4*q + 3*f + 51. Calculate the remainder when q is divided by 21.
18
Let l be (-2 - 1)/(3/(-34)). Let t = l + -17. Let c = 66 - t. Calculate the remainder when c is divided by 17.
15
Let t be -4 + 4 - (1 - 1). Let n(b) be the third derivative of -b**4/24 + 3*b**3/2 - b**2. What is the remainder when 26 is divided by n(t)?
8
Suppose 2*m - 7*m + 235 = 0. Calculate the remainder when m is divided by 16.
15
Suppose -3*t + 12 = 0, 5*x + 5*t = -1 + 6. What is the remainder when 9 is divided by 8/x*18/(-8)?
3
Suppose 3*c + 20 = 5*c. Let f(m) = 3*m**2 + 2*m - 3. What is the remainder when f(-4) is divided by c?
7
Calculate the remainder when 11 - (-1)/((-3)/9) is divided by 4.
0
Let o be (-4 + 5)/((-1)/6). Let w be (o/15)/(-1)*5. Suppose -138 = -3*y - n, n - 234 = -5*y - w*n. What is the remainder when y is divided by 23?
22
Suppose 3*c - 38 = c. Suppose 169 + 201 = 5*y. Calculate the remainder when y is divided by c.
17
Let c(p) = -p - 5*p + 5*p. What is the remainder when (-2)/(-3)*(4 + -1) is divided by c(-2)?
0
Let c = -29 - -52. What is the remainder when c is divided by (-9 + 6)/(2 + 9/(-4))?
11
Let i(u) = u**3 + 5*u**2 + 4*u + 4. Let b be -4 - -1 - (13 - 13). What is the remainder when 49 is divided by i(b)?
9
Suppose 3*o - r + 2 = -2*r, -2*o + 2*r = 12. Let g(w) = 10*w + 61. Calculate the remainder when (3/2)/(o/(-28)) is divided by g(-5).
10
Let i(v) = -v**2 - 12*v - 9. Let j(y) = y**2 + 9*y - 9. Let b be j(-9). Let a = -56 + 109. Calculate the remainder when a is divided by i(b).
17
Suppose h = 4*y + y - 59, 4*y - 44 = 4*h. Let f(n) = -n**3 + 11*n**2 + 14*n - 2. What is the remainder when f(y) is divided by 1 - ((-22)/(-2))/(-1)?
10
Suppose 12 = 15*k - 12*k. Suppose -9 = -5*r + 6. Suppose 0 = -r*y + 5*u + 139, 0*u + 2*u = -k*y + 142. Calculate the remainder when y is divided by 13.
12
Let v be ((-3)/1)/((-6)/(-4)). Let g be v/3 + (-22)/3. Calculate the remainder when 29 is divided by (-4)/g + 93/6.
13
Suppose -3*t + 51 = 3*q, 2*q - 88 = -5*t - 2*q. What is the remainder when 59 is divided by t?
19
Suppose -2*g - 4 = 0, -4*n = -3*g - 58 - 52. What is the remainder when n is divided by 10?
6
Suppose 4*o = 5*o - 3. Suppose -o*n - 27 + 6 = -5*b, -18 = -5*b + 4*n. Let p = -4 + b. What is the remainder when p is divided by 2?
0
Suppose -10*x + 100 = -5*x. Calculate the remainder when x is divided by 7.
6
Let o = -32 + 81. Calculate the remainder when o is divided by 25.
24
Suppose -2*q + 0*q - y = -35, 0 = 4*q - 2*y - 90. What is the remainder when q is divided by 2?
0
Let m = -210 + 313. What is the remainder when m is divided by 35?
33
Let l be (4/6)/((-2)/(-6)). Suppose -7*f = -l*f + 55. Let j = -4 - f. What is the remainder when 13 is divided by j?
6
Let f be 1*-1*(4 - 75). Suppose 7 = -2*x + f. Suppose 0 = 4*y - x - 4. Calculate the remainder when 35 is divided by y.
8
Let d = -8 + -21. Let x = d - -15. Let t = -10 - x. Calculate the remainder when 5